{"id":23,"date":"2016-12-15T11:53:06","date_gmt":"2016-12-15T11:53:06","guid":{"rendered":"https:\/\/overlander.reisen\/?page_id=23"},"modified":"2017-01-23T15:09:35","modified_gmt":"2017-01-23T15:09:35","slug":"impressum","status":"publish","type":"page","link":"https:\/\/overlander.reisen\/?page_id=23","title":{"rendered":"Impressum"},"content":{"rendered":"<p>&nbsp;<\/p>\n<p>Dies ist eine private Internetseite von Overlander auf Reisen<\/p>\n<p>Friedhelm Fricke<\/p>\n<p>Dachsweg 6<\/p>\n<p>75391 Gechingen<\/p>\n<p>&nbsp;<\/p>\n<p><strong>Kontakt<\/strong><\/p>\n<p>friedhelm.fricke@gmx.de<\/p>\n<p>&nbsp;<\/p>\n<p><strong>Verantwortung f\u00fcr die Inhalte<\/strong><\/p>\n<p>Friedhelm Fricke<\/p>\n<p>Dachsweg 6<\/p>\n<p>75391 Gechingen<\/p>\n<p>&nbsp;<\/p>\n<p><strong>Haftung f\u00fcr Inhalte<\/strong><\/p>\n<p>Die Inhalte wurden einer sorgf\u00e4ltigen Kontrolle unterzogen. F\u00fcr die Aktualit\u00e4t und der Richtigkeit der Inhalte wird keine Haftung \u00fcbernommen.<\/p>\n<p>Sollten inhaltliche, gestalterische oder sonstige Fehler unterlaufen sein, bitte ich diese zu entschuldigen. \u00dcber Mitteilungen und Anregungen per E-Mail w\u00fcrde ich mich freuen.<\/p>\n<p><strong>Copyright<\/strong><\/p>\n<p>Die gesamte Webseite unterliegt dem Copyright von Friedhelm Fricke.<\/p>\n<p>Alle Inhalte d\u00fcrfen nur zu privaten, nicht kommerziellen Zwecken verwendet werden.<\/p>\n","protected":false},"excerpt":{"rendered":"<p>&nbsp; Dies ist eine private Internetseite von Overlander auf Reisen Friedhelm Fricke Dachsweg 6 75391 Gechingen &nbsp; Kontakt friedhelm.fricke@gmx.de &nbsp; Verantwortung f\u00fcr [&hellip;]<\/p>\n","protected":false},"author":1,"featured_media":0,"parent":0,"menu_order":0,"comment_status":"closed","ping_status":"closed","template":"","meta":{"ngg_post_thumbnail":0},"_links":{"self":[{"href":"https:\/\/overlander.reisen\/index.php?rest_route=\/wp\/v2\/pages\/23"}],"collection":[{"href":"https:\/\/overlander.reisen\/index.php?rest_route=\/wp\/v2\/pages"}],"about":[{"href":"https:\/\/overlander.reisen\/index.php?rest_route=\/wp\/v2\/types\/page"}],"author":[{"embeddable":true,"href":"https:\/\/overlander.reisen\/index.php?rest_route=\/wp\/v2\/users\/1"}],"replies":[{"embeddable":true,"href":"https:\/\/overlander.reisen\/index.php?rest_route=%2Fwp%2Fv2%2Fcomments&post=23"}],"version-history":[{"count":4,"href":"https:\/\/overlander.reisen\/index.php?rest_route=\/wp\/v2\/pages\/23\/revisions"}],"predecessor-version":[{"id":801,"href":"https:\/\/overlander.reisen\/index.php?rest_route=\/wp\/v2\/pages\/23\/revisions\/801"}],"wp:attachment":[{"href":"https:\/\/overlander.reisen\/index.php?rest_route=%2Fwp%2Fv2%2Fmedia&parent=23"}],"curies":[{"name":"wp","href":"https:\/\/api.w.org\/{rel}","templated":true}]}}