{"id":40,"date":"2016-12-15T12:11:01","date_gmt":"2016-12-15T12:11:01","guid":{"rendered":"https:\/\/overlander.reisen\/?page_id=40"},"modified":"2016-12-18T13:35:20","modified_gmt":"2016-12-18T13:35:20","slug":"jaguar-xjc","status":"publish","type":"page","link":"https:\/\/overlander.reisen\/?page_id=40","title":{"rendered":"Jaguar XJC"},"content":{"rendered":"<p><strong>Der Jaguar XJC Baujahr1976<br \/>\n<\/strong><\/p>\n<p>Dieser Jaguar ist ein ganz besonderer Fall. Nachdem ich ab 2002 bis 2006 jedes Jahr meinen Urlaub in Australien verbracht habe, wollte ich unabh\u00e4ngig reisen k\u00f6nnen. Dazu bedurfte es nat\u00fcrlich eines geeigneten Fahrzeugs. Es sollte schon gro\u00df und komfortabel sein und nat\u00fcrlich etwas aussergew\u00f6hnlich. Auf der Homepage des Jaguar XJC Clubs in Australien waren 2004 mehrere Coupes zu verkaufen, einer ohne Infos \u00fcber den Besitzer. Also schrieb ich dem Autor der Homepage und bat um eine Adresse. Die Antwort war &#8222;Du scheinst aus Deutschland zu kommen, was willst Du mit dem Auto machen?&#8220; Nachdem ich meine Absicht mitgeteilt hatte, kam prompt die R\u00fcckmeldung &#8222;Daf\u00fcr ist das Auto nicht zu gebrauchen. Um im Urlaub damit zu fahren, muss am Auto so einiges repariert werden!&#8220; Ich habe dann eine Weile weitergesucht und immer wieder R\u00fcckfragen nach Australien gesendet. Dieses Auto hab ich dann irgendwo im Internet gefunden und leider war mir der Preis zu hoch. Mein Kontakt in Australien hatte dieses Auto ebenfalls gefunden, allerdings in einer Zeitungsanzeige. Auch Ihm schien das Auto etwas teuer. Trotzdem haben wir uns etwa zur gleichen Zeit die Infos zu dem Auto zugesendet. Um zu kl\u00e4ren, ob das Auto den Preis wirklich wert war wurde ein Jaguar Mechaniker losgeschickt, um das Auto zu begutachten. Zwei Din A4 Seiten Report waren das Ergebnis. Beurteilung: Sehr sch\u00f6nes Objekt und alles in Ordnung. Das Auto war in den letzten Jahre sehr aufw\u00e4ndig restauriert worden, Belege waren vollst\u00e4ndig vorhanden&nbsp; und die Kosten daf\u00fcr waren das dreifache vom Verkaufspreis. Nach kurzen Verhandlungen mit dem Verk\u00e4ufer bin ich das Wagnis zum Kauf eingegangen und ich habe es bis heute nicht bereut. 2004 habe ich das Auto in Queensland zugelassen und in Sydney in einer Garage geparkt. Jedes Jahr bis einschlie\u00dflich 2006 bin ich dann im Urlaub ca. 4000Km in Australien damit gefahren. Es waren wundervolle Erlebnisse und das Auto hat mich nie im Stich gelassen. 2007 wurde das Auto von Sydney nach Amsterdam verschifft und es ist seitdem als Oldtimer in Deutschland zugelassen. Der Jaguar ist neben dem MGC eine weitere Rarit\u00e4t, da dieses Modell in dieser Version ebenfalls nur ca. 1500 mal gebaut wurde.<\/p>\n<p>&nbsp;<\/p>\n<p>In diesem Zustand wurde mir der Jaguar angeboten. Ich habe ihn 2004 in einem Vorort von Melbourne abgeholt und bin damit bis Harvey Bay in Queensland gefahren.<\/p>\nngg_shortcode_0_placeholder\n<p>Bei der \u00dcbernahme des Jaguar XJC habe ich lediglich die Dichtgummis an den Fenstern im Fond gewechselt. Alles weitere war f\u00fcr die Urlaubsfahrten fertig. Die Zulassung habe ich in Queensland mit einem Private Plate,&nbsp; <strong>XJC 04 <\/strong>, vorgenommen, welches immer noch in meinem Besitz ist.<\/p>\n<p>Die Fotos zeigen den Jaguar im Urlaub 2004 und 2005<\/p>\n<p>&nbsp;<\/p>\nngg_shortcode_1_placeholder\n<p>2007 wurde der Jaguar in Deutschland als Oldtimer zugelassen<\/p>\nngg_shortcode_2_placeholder\n","protected":false},"excerpt":{"rendered":"<p>Der Jaguar XJC Baujahr1976 Dieser Jaguar ist ein ganz besonderer Fall. Nachdem ich ab 2002 bis 2006 jedes Jahr meinen Urlaub in [&hellip;]<\/p>\n","protected":false},"author":1,"featured_media":0,"parent":0,"menu_order":0,"comment_status":"closed","ping_status":"closed","template":"","meta":{"ngg_post_thumbnail":0},"_links":{"self":[{"href":"https:\/\/overlander.reisen\/index.php?rest_route=\/wp\/v2\/pages\/40"}],"collection":[{"href":"https:\/\/overlander.reisen\/index.php?rest_route=\/wp\/v2\/pages"}],"about":[{"href":"https:\/\/overlander.reisen\/index.php?rest_route=\/wp\/v2\/types\/page"}],"author":[{"embeddable":true,"href":"https:\/\/overlander.reisen\/index.php?rest_route=\/wp\/v2\/users\/1"}],"replies":[{"embeddable":true,"href":"https:\/\/overlander.reisen\/index.php?rest_route=%2Fwp%2Fv2%2Fcomments&post=40"}],"version-history":[{"count":18,"href":"https:\/\/overlander.reisen\/index.php?rest_route=\/wp\/v2\/pages\/40\/revisions"}],"predecessor-version":[{"id":792,"href":"https:\/\/overlander.reisen\/index.php?rest_route=\/wp\/v2\/pages\/40\/revisions\/792"}],"wp:attachment":[{"href":"https:\/\/overlander.reisen\/index.php?rest_route=%2Fwp%2Fv2%2Fmedia&parent=40"}],"curies":[{"name":"wp","href":"https:\/\/api.w.org\/{rel}","templated":true}]}}